) + 4*p(o). Let t = -1 + 1. Is u(t) composite?
False
Let g(k) = 6906*k**2 + 2*k + 25. Let i be g(3). Suppose -4*y = 5*b - i, 3*b - y = -5*y + 37311. Is b composite?
False
Suppose -6528 = -32*g - 2*g. Is g + -3 + (-1 - 0 - 3) a composite number?
True
Suppose w = t + 5, w - 3*w + 5 = -t. Suppose 2*m = a + 10, w = 3*m - a + 6*a - 41. Suppose -330 = -m*g + g. Is g composite?
True
Let c be (56/24)/((-1)/(-3)). Suppose j - 13 = -2*j - n, -5*n = -3*j + c. Is 66 + (j + 0 + -5)*1 composite?
True
Let p(s) = 323*s**3 + 2*s**2 + 59*s + 149. Is p(9) a prime number?
False
Let p(c) = -c**3 - 6*c**2 - 2*c - 8. Let h be p(-6). Let s(l) = 1830*l + 113. Let m be s(2). Suppose 3*u = -z + m, -h*z - u + 7526 = -2*z. Is z prime?
True
Let o = -135 + 139. Suppose -18*n + o*n = -6706. Is n prime?
True
Suppose 12*p - 13*p + 23655 = -2*f, 47306 = 2*p - 2*f. Is p a prime number?
False
Let v(a) = 199*a + a**3 - 11 + 3 - 203*a. Is v(7) prime?
True
Let t(y) = 136*y + 27. Let g(n) = 68*n + 13. Let m(d) = 13*g(d) - 6*t(d). Let o(h) = -h**3 + 5*h**2 - 6*h + 3. Let r be o(3). Is m(r) prime?
True
Let y be 0*(5/10 - 1). Suppose 0 = -3*a - y*a + 6. Is (-774)/(-21) + a/14 composite?
False
Let l = 2063 - 4457. Let k = 4975 + l. Is k a composite number?
True
Let l(z) = 47*z - 1211*z + 377*z - 952*z - 22. Is l(-9) composite?
False
Let g(x) = 760*x**2 - 6*x - 17. Let t = -281 - -278. Is g(t) prime?
True
Suppose -4*v = 16 - 4. Let n(t) = 46*t**2 - 25*t + 10. Let x(f) = 16*f**2 - 8*f + 3. Let y(w) = -2*n(w) + 7*x(w). Is y(v) prime?
True
Let p = -79 + 99. Suppose u = 5*k + 31, 0 = 2*u - 7*u - p. Is (-3788)/k + 6/(-42) a prime number?
True
Suppose 25 = -0*z + 5*z. Suppose p = v - 90, 1623 = 2*v - p + 1437. Suppose v = x + 4*f - 31, 0 = -z*x - 3*f + 635. Is x a composite number?
False
Let w(z) = z**3 - 31*z**2 + 13*z + 12. Let p be (-3)/(-6)*(-2 - 0)*-31. Is w(p) prime?
False
Suppose -7*p = -2*p. Suppose p = -5*b + 87 + 1043. Is b composite?
True
Suppose 5*t = -4980*m + 4984*m - 1590667, -3*m - 5*t + 1193044 = 0. Is m composite?
False
Let x be (4/(-16) - 9) + 1/4. Let d(s) = 60*s**2 - 40*s - 19. Is d(x) composite?
True
Let z = -323 + 1913. Let b = 4 - 0. Suppose -b*f + 5*a = -z, a - 4*a = 6. Is f a prime number?
False
Suppose 5*t - 14 - 31 = 0. Let a be ((-966)/63)/(1/(-15)). Suppose a = -4*r + t*r. Is r composite?
True
Suppose 11*q - 677353 = -4*q - 14*q. Is q composite?
False
Is 510237/27 - (-4)/3 a composite number?
False
Let g(t) = -2*t**3 + 5*t**2 + 529*t - 647. Is g(-61) a composite number?
True
Suppose 2*m = 3*m - 543. Let c = m - -3848. Suppose -4*s + c = -7197. Is s a composite number?
False
Let y(k) be the third derivative of 23*k**5/60 - 55*k**4/24 - 5*k**3/6 - 3*k**2 + 10. Is y(-12) a composite number?
False
Let f(j) = 610*j**2 + 19*j - 32. Is f(-15) a prime number?
False
Suppose 32*k - 2384946 = 29*k + 3*r, k = -4*r + 795007. Is k composite?
True
Let o be ((-9)/3)/(12/(-16))*1. Suppose -3*f + 825 = -o*r - 0*r, -4*f = -r - 1087. Suppose -h + n - 6*n + 62 = 0, -2*n - f = -3*h. Is h a prime number?
False
Suppose 4*u - 1 = 15. Let y(k) = 35*k**2 - 8*k + 7. Is y(u) a composite number?
True
Let p(v) be the second derivative of 23*v**3/6 + 3*v**2 - 11*v. Let t be p(-6). Is t/32 + 4 + 1899/24 a composite number?
False
Suppose 380 + 652 = -6*x. Suppose 11*y + 3531 + 2860 = 0. Let l = x - y. Is l a composite number?
False
Suppose 5466*h + 262039 = 5489*h. Is h a prime number?
True
Suppose -61*p = -40*p + 48*p - 37233849. Is p a prime number?
True
Let q = 3274 - 2013. Let k = -740 + q. Is k a prime number?
True
Suppose -3*d + 334938 + 813913 = 4*g, -2*g + 1531818 = 4*d. Is d composite?
True
Let s = 1795770 - 609817. Is s composite?
False
Suppose -4*p + 3*s = -331526, 2*p - 1101*s = -1106*s + 165776. Is p prime?
True
Let j(t) be the first derivative of t**4/4 + 16*t**3/3 - 11*t**2/2 - 23*t + 17. Let s be j(-13). Suppose -s - 2750 = -11*v. Is v prime?
True
Suppose -11*a = -86 - 2. Is ((a - 2) + -3)*21146/6 a composite number?
True
Let h be 14*(4 + 36/(-8)). Let l(p) = -2*p**3 - 8*p**2 + 6*p + 7. Is l(h) composite?
True
Let i(x) = 2*x**3 - 2*x**2 + 27*x - 9. Suppose 0 = 2*a + 2*a - 16, -448 = -j - 4*a. Let u be (-1 - (-6)/(-4))*j/(-135). Is i(u) composite?
False
Suppose 7*o - 9*o - 15028 = -s, 0 = 4*s + o - 60139. Let y = s - 6231. Is y composite?
False
Let k = -915 + 7514. Is k a composite number?
False
Let r(h) = -h**2 + 11*h - 13. Let p be r(9). Let y be 166648/24 + (-10)/6. Suppose 0 = -i - p*i + y. Is i a composite number?
True
Let l(n) = 9*n**2 + 23*n - 14. Let c be l(16). Suppose 0 = -190*f + 184*f + c. Is f prime?
True
Suppose 25563 = 3*j - 3*g, -4*j + 34112 = 4*g - g. Suppose -104313 - j = -46*x. Is x a composite number?
True
Let q(b) = -b**3 - 12*b**2 - 15*b + 16. Let a(p) = -p**3 - 1. Let t(f) = -2*a(f) + q(f). Let k be t(13). Is (1 + 0 - -1)*(-1796)/k a prime number?
True
Let h(o) = 1610*o**2 + o + 5. Is h(-2) a prime number?
False
Let d(p) = p**3 + 2*p**2 - 4*p. Let x be ((-1)/(-2)*(1 - -5))/(-1). Let k be d(x). Suppose k*z - 1336 = -z. Is z prime?
False
Let b(l) = -14*l + 6. Let x be b(6). Let t be 6*7/(-14) - -204. Let i = t + x. Is i a prime number?
False
Let i(n) be the first derivative of 178*n**3/3 + 15*n**2 + 113*n - 20. Is i(-5) prime?
False
Suppose 2*n = 3*z - 105692, 0*z - n - 140916 = -4*z. Suppose 4*i - 4*p = z, 4*i - 23920 = 2*p + 11316. Is ((-2)/6)/((-11)/i) a composite number?
True
Suppose o + 2785 - 201694 = 5*s, 0 = -2*o + s + 397800. Is o a composite number?
False
Suppose -288355 - 113006 = -5*y + 4*a, -5*y = -3*a - 401367. Is y prime?
False
Let x = -924 - -917. Let j(a) = 80*a**2 + 5*a + 58. Is j(x) a prime number?
True
Let r(x) = 6*x - 58. Let n be r(10). Suppose -641 = -2*g + n*y + 719, -3*g = 5*y - 2064. Is g prime?
True
Let o = 127235 + -77214. Is o a composite number?
False
Let l(i) = 21*i + 26. Let k be l(-1). Let h be ((-17)/(-3))/(1/9). Suppose -k*u - 5*x - h = -381, 2*u - 4*x - 162 = 0. Is u a composite number?
False
Suppose -21 = -5*r - 2*a + 3*a, 4*a + 20 = 4*r. Let i = 162 - 158. Suppose r*l + 2*f - 1774 = 4*f, -i*l - 4*f = -1804. Is l prime?
False
Let i(v) = -2*v**2 - v. Let o(s) = -2*s**3 - 14*s**2 + 23*s - 33. Let k(h) = 3*i(h) + o(h). Is k(-16) a prime number?
True
Let s = -1312 - -7865. Suppose 0 = -l + s - 398. Is l prime?
False
Let v be (25/5)/5*(-4)/(-1). Suppose -2*j = 2*c - 38782, 0 = -v*c + 3*j + 33170 + 44366. Is c a composite number?
False
Suppose -15 = -2*f + 5*n, 5*f + 6*n = 3*n - 9. Let s be ((-7110)/(-8))/((-3)/(-8)). Suppose 0 = 2*h - 4*x - s, -2*h + x + 905 + 1474 = f. Is h composite?
True
Let k be 6/39 + (-100)/(-26). Suppose c = -k*c + 50. Suppose -c*h - 63 = -1673. Is h a composite number?
True
Let d(a) = -96*a**2 + 8*a - 6. Let m be d(2). Let x = m - -841. Is x composite?
False
Suppose -3*g + 1543187 = 2*w, 588002 = 3*g + 3*w - 955180. Is g prime?
True
Let t = -44 - 249. Let f = t - -123. Is (-2)/((-676)/f - 4) a composite number?
True
Suppose -2*k + 3609525 = -5*m + 1191936, -3*k + 2*m = -3626345. Is k prime?
True
Let c be (-13568)/(-14) + (-3)/21. Let d = c + 118. Is d composite?
False
Let q(i) = 42*i**3 - 6*i**2 - 82*i + 577. Is q(8) a composite number?
True
Is (20 - 2849/21)/(1/(-141)) prime?
False
Let j = 268 + -269. Suppose -2*v = -3*v - 3*c - 2, 4*v + 4*c = 0. Is 1529 - (-2 + j) - v composite?
False
Let k = -120698 - -176569. Is k prime?
True
Suppose -6*b = 13*b - 889480 - 7719. Is b prime?
True
Suppose 24*c - 2655919 = 74*c - 57*c. Is c a prime number?
True
Suppose k - 6819 + 277572 = 5*g, g + 2*k = 54155. Is g prime?
True
Let t(q) = -8*q + 44. Let o be t(-6). Let k(h) = -h**3 + 5*h**2 + 7. Let x be k(5). Let j = o - x. Is j prime?
False
Let j = 244 - 251. Is j/(63/(-872)) - (-1)/9 composite?
False
Suppose 8 = -3*x - 7, 0 = -4*q + 5*x + 25. Suppose q = o - 3*a - 505, -5*a + 1571 = 10*o - 7*o. Is o a prime number?
False
Let m(b) = 102*b**2 + b - 615. Is m(-34) composite?
True
Suppose -67*d + 32*d = -169190. Is d a prime number?
False
Let v = 10858 - -5937. Is v a composite number?
True
Is (-3)/(3125748/1562892 - (-3 + 8 - 3)) a composite number?
False
Let a(n) = 83180*n - 7393. Is a(3) a prime number?
True
Suppose 10 = 4*b + 3*h + 6, b = -3*h - 8. Is (b - 0)/(16/27996) a composite number?
True
Is ((-1)/((-24)/19387